s 5489224907 a composite number?
True
Is 1476801229 a composite number?
True
Is 56256183754 a composite number?
True
Is 115668263 composite?
True
Is 13217057011 prime?
True
Is 9233392907 prime?
True
Is 1845370699 a prime number?
False
Is 14095002091 a composite number?
True
Is 1695243059 a composite number?
True
Is 67293991517 composite?
False
Is 2127002915 a composite number?
True
Is 178431359 prime?
True
Is 78605257369 a composite number?
False
Is 6102137653 prime?
False
Is 1839613277 a composite number?
False
Is 53545004801 prime?
False
Is 698147503 composite?
False
Is 75157812449 a prime number?
False
Is 3798059 a prime number?
False
Is 1203006011 prime?
False
Is 84880175147 a composite number?
False
Is 12619388989 composite?
False
Is 1888147 prime?
False
Is 16265743051 a prime number?
True
Is 6505702703 a prime number?
False
Is 323517508657 prime?
False
Is 31576324139 a composite number?
True
Is 25709237 a composite number?
False
Is 22194558563 composite?
True
Is 9124444487 prime?
False
Is 19805512259 composite?
True
Is 2064487651 composite?
False
Is 1595194333 a composite number?
True
Is 2421655039 prime?
True
Is 3672128767 prime?
True
Is 3087274457 prime?
False
Is 26568492341 prime?
True
Is 1699693693 prime?
True
Is 4953601571 a prime number?
False
Is 100437383 a prime number?
True
Is 7118536237 a prime number?
True
Is 4797025039 composite?
True
Is 30158113091 prime?
True
Is 104387198819 prime?
True
Is 709991057 composite?
True
Is 48557476087 prime?
True
Is 184028581 prime?
False
Is 9934249323 a composite number?
True
Is 14614543597 prime?
False
Is 854402233 composite?
False
Is 55511004461 composite?
True
Is 4974896011 prime?
False
Is 53097466727 a composite number?
False
Is 1567369511 a composite number?
True
Is 10948733206 a prime number?
False
Is 17849371607 prime?
False
Is 8946376661 composite?
False
Is 6310257277 a prime number?
False
Is 10691512201 a prime number?
False
Is 516145841 a composite number?
True
Is 1458299299 composite?
False
Is 3405276233 composite?
True
Is 128944498757 a composite number?
False
Is 1565263079 composite?
True
Is 9686865731 a composite number?
False
Is 55001408347 a composite number?
False
Is 10131945619 prime?
True
Is 39250057673 a composite number?
False
Is 20615907503 a prime number?
False
Is 517887809 a composite number?
False
Is 246953891 a prime number?
True
Is 13730671693 a prime number?
True
Is 30568097713 a prime number?
True
Is 848260939 a prime number?
True
Is 111579223289 a prime number?
False
Is 11801604953 a prime number?
False
Is 3007645601 a composite number?
False
Is 247779123611 a prime number?
False
Is 718349123 a prime number?
False
Is 6519361129 prime?
False
Is 939452539 a composite number?
True
Is 278763127 a composite number?
True
Is 8679868829 a composite number?
False
Is 72263287 composite?
False
Is 3298120031 a composite number?
True
Is 2385123122 composite?
True
Is 37197213601 prime?
True
Is 1014746339 composite?
False
Is 1047986251 prime?
False
Is 107829973 a prime number?
True
Is 19666237 prime?
True
Is 33067238293 a prime number?
True
Is 4292689693 a composite number?
False
Is 10605463109 composite?
False
Is 64578641 a prime number?
False
Is 1714655243 prime?
False
Is 44836582517 a prime number?
True
Is 14740966739 a composite number?
False
Is 448689121 a composite number?
True
Is 13784154446 composite?
True
Is 217005132593 a prime number?
True
Is 4757253283 a prime number?
True
Is 127901780323 a composite number?
True
Is 921732173 a composite number?
True
Is 108024877 a prime number?
True
Is 4791028499 prime?
True
Is 5150485007 composite?
False
Is 47019343123 a prime number?
True
Is 11727031133 a prime number?
True
Is 328019647 composite?
True
Is 2922264983 composite?
True
Is 4416765415 a prime number?
False
Is 3397382041 a composite number?
False
Is 82721827 composite?
True
Is 2490284887 a prime number?
True
Is 1527067397 a prime number?
True
Is 5537857931 a prime number?
True
Is 22282354751 a composite number?
False
Is 1889756573 a prime number?
True
Is 667496917 prime?
False
Is 22267121069 composite?
True
Is 265669991 a prime number?
False
Is 3435661 composite?
False
Is 4252245781 prime?
False
Is 53212863367 a composite number?
True
Is 150262753 prime?
False
Is 11523875317 composite?
True
Is 51827487883 prime?
True
Is 6691268089 prime?
False
Is 318441661 composite?
False
Is 71392715371 a prime number?
True
Is 12374165849 a prime number?
True
Is 5395812637 a composite number?
True
Is 2916398215 a composite number?
True
Is 25444609661 a composite number?
True
Is 708146539 a prime number?
False
Is 5438911981 composite?
True
Is 19777577947 a prime number?
True
Is 6429717787 composite?
False
Is 16713161 composite?
True
Is 2118984461 prime?
False
Is 53334516017 composite?
False
Is 1885851809 a composite number?
True
Is 1732520743 prime?
True
Is 1848937001 prime?
True
Is 357664621 a prime number?
False
Is 5843742157 prime?
False
Is 306756486317 composite?
True
Is 16462780631 composite?
True
Is 4954707019 a composite number?
False
Is 2980985813 a composite number?
True
Is 149629567 composite?
False
Is 2924772869 prime?
True
Is 108356773 a prime number?
False
Is 12040509081 a prime number?
False
Is 3289937249 prime?
False
Is 869090933 prime?
True
Is 644010791 a composite number?
True
Is 8298911 composite?
False
Is 27022645171 a composite number?
True
Is 48580319813 prime?
True
Is 190354770681 a composite number?
True
Is 4701015877 prime?
True
Is 819459769 composite?
False
Is 3451024559 composite?
True
Is 101578261 a prime number?
True
Is 293652623 prime?
False
Is 692216593 prime?
False
Is 3945652283 a composite number?
True
Is 2289705443 composite?
False
Is 723630319 a prime number?
True
Is 6511044959 a composite number?
False
Is 658696543 prime?
False
Is 4982902311 composite?
True
Is 110201826997 composite?
False
Is 3118388785 composite?
True
Is 8644726227 a composite number?
True
Is 178255099 composite?
True
Is 2958532531 a prime number?
False
Is 117605399 a composite number?
False
Is 11817968539 composite?
True
Is 2306283566 composite?
True
Is 287323837 a prime number?
True
Is 4150853827 a prime number?
True
Is 4641072383 composite?
False
Is 1624923247 a composite number?
True
Is 466065823 a prime number?
True
Is 19223666101 a composite number?
False
Is 23035386989 composite?
True
Is 87507113 prime?
False
Is 96067386521 prime?
True
Is 2223216713 a prime number?
False
Is 4037083 composite?
False
Is 3584779907 prime?
True
Is 321204277 prime?
True
Is 21100215811 a prime number?
False
Is 870854003 prime?
True
Is 9908049059 a composite number?
False
Is 2326378003 a composite number?
False
Is 8186543353 prime?
False
Is 54745590279 a prime number?
False
Is 4039037501 composite?
False
Is 738748589 composite?
True
Is 43271885753 a prime number?
False
Is 232619339 a composite number?
False
Is 99196662541 a prime number?
False
Is 525466079 a prime number?
True
Is 10042268177 a prime number?
False
Is 115110887 a prime number?
True
Is 1003248206 a composite number?
True
Is 493499167 composite?
True
Is 333758627 composite?
True
Is 236517143 a prime number?
True
Is 2263050355 a prime number?
False
Is 35224245383 a composite number?
True
Is 3362381573 a prime number?
True
Is 1805003503 a composite number?
False
Is 9236034757 a prime number?
False
Is 8815225697 a prime number?
True
Is 2679332217 a prime number?
False
Is 395166721 prime?
True
Is 3209437867 a prime number?
True
Is 115274770981 composite?
False
Is 881208145 composite?
True
Is 5893631663 a composite number?
True
Is 54196458649 a prime number?
True
Is 1142533891 composite?
False
Is 8835724013 a prime number?
False
Is 1534697783 composite?
True
Is 2025944777 prime?
True
Is 2129101217 prime?
True
Is 72660947203 composite?
True
Is 136043381 a composite number?
True
Is 438007212523 a composite number?
True
Is 10149697223 a prime number?
False
Is 142143689605 a prime number?
False
Is 246502269199 a prime number?
True
Is 144760067 a prime number?
True
Is 156561335717 a prime number?
True
Is 118897427 prime?
False
Is 13052666119 a prime number?
True
Is 4478288629 composite?
False
Is 19044808591 prime?
False
Is 49687157693 prime?
False
Is 3921450609 a prime number?
False
Is 211382311 a composite number?
True
Is 52960801 composite?
Tr